factor of m and 187.
17
Suppose 5*t + 11 = -s, -s + t + 4*t + 29 = 0. What is the highest common divisor of 15 and s?
3
Let x(w) = w**3 - 7*w**2 + 7*w + 8. Let c be x(6). Calculate the greatest common factor of c and 161.
7
Suppose w = -4*y + 5*w + 1672, -w - 1678 = -4*y. What is the highest common factor of y and 63?
21
Let x be (-10)/(-4)*(-12792)/(-205). What is the highest common factor of 858 and x?
78
Let v be (0 + 2/1)/((-2)/17). Let i(g) = -g**2 - 19*g - 31. Let a be i(v). What is the greatest common factor of 39 and a?
3
Let b = 47 + -43. Suppose 0*o + 4*o = 8. Calculate the highest common divisor of o and b.
2
Suppose 0 = -2*v - 5*v + 294. Let k = v - 40. What is the greatest common divisor of k and 1?
1
Suppose -c + 24 = 2*f - 57, 0 = 5*f - 15. What is the highest common divisor of c and 3?
3
Suppose 31*p - 1075 = 134. What is the highest common divisor of p and 533?
13
Let u = -178 - -219. What is the greatest common factor of 287 and u?
41
Suppose -4*a + 1216 = -23*c + 24*c, -3*a = 4*c - 912. What is the highest common divisor of 16 and a?
16
Suppose 0*d = d - 33. Let l = 40 - d. Calculate the greatest common divisor of l and 7.
7
Suppose 0 = 4*y - j - 50, -2*j = 2*y + 6 - 36. What is the greatest common divisor of 793 and y?
13
Let m = 7 + 33. Let h(b) = 4*b**2 + 5*b - 1. Suppose 3*a + 5*j - 20 = -9, -17 = 3*a - 2*j. Let z be h(a). What is the highest common factor of m and z?
20
Let z = 406 + -403. What is the greatest common factor of 579 and z?
3
Let g = -175 - -189. What is the greatest common factor of g and 77?
7
Let j = -220 + 261. Calculate the highest common factor of 369 and j.
41
Suppose 5*d - 26 = -8*d. Suppose 3*n = -s + 65, d*n + 190 = 7*s - 3*s. Calculate the greatest common divisor of s and 20.
10
Let l(n) = n**2 + 60*n + 163. Let g be l(-58). Calculate the greatest common divisor of 2 and g.
1
Let b be (-47)/((10/(-60))/((-9)/(-6))). What is the greatest common divisor of 94 and b?
47
Let h(f) = 5 + 18*f**2 - 5*f + 40*f**3 - 39*f**3 + 5*f. Let m be h(-18). Let l = -8 - -13. What is the greatest common factor of l and m?
5
Let k = -120 - -295. Suppose -6*m + 39 + 111 = 0. Calculate the highest common factor of k and m.
25
Suppose 10022 = 415*k - 123*k - 1658. Let u be 0 + (3 - 1) + 118. Calculate the highest common divisor of u and k.
40
Let q = 56 + 63. Calculate the highest common divisor of q and 85.
17
Let g be (-17)/68 - (-1)/4. Suppose g = 26*y - 23*y - 36. Calculate the highest common factor of 96 and y.
12
Suppose -5*d + 110 = 4*a, d - a = -2*d + 83. Let o = 38 - d. Suppose -2*i - 125 = -161. What is the greatest common divisor of i and o?
6
Let h(u) = 30*u + 24. Let w(r) = -30*r - 23. Let o(c) = -4*h(c) - 5*w(c). Let s be o(10). What is the greatest common divisor of 29 and s?
29
Let s(i) = i**3 + i**2 - i + 40. Let z be s(0). Calculate the highest common divisor of 440 and z.
40
Suppose -302*c - 2*j = -299*c - 127, j = -3*c + 119. Suppose -4*u + 724 - 132 = 0. What is the greatest common divisor of u and c?
37
Suppose 7*f - 8*f + 4*o = -17, 0 = 4*f - o - 38. What is the highest common factor of f and 2313?
9
Suppose 53*s - 66*s + 4550 = 0. What is the highest common factor of s and 50?
50
Let a = -367 - -400. Calculate the greatest common factor of 187 and a.
11
Let w = -88 - -277. Let h be w/(-14)*4/(-6). Calculate the highest common divisor of h and 9.
9
Let p be (-3 - (-164)/52) + (-986)/(-13). What is the greatest common factor of p and 190?
38
Let s = -2 + 0. Let k be (1 + -2)*(2 + s). Let a = k - -11. What is the greatest common divisor of 121 and a?
11
Let l = 93 - 15. Let h = 99 - l. What is the greatest common factor of 7 and h?
7
Suppose -116*c - 720 = -119*c. What is the highest common divisor of 40 and c?
40
Let n(t) = 8 - t - 9 + 18 + 14. Let y be n(11). What is the highest common factor of y and 4?
4
Suppose -73*h = -28*h - 202455. Calculate the highest common factor of h and 11.
11
Suppose 0*s - 5*s + 10 = 2*k, -3*s + 6 = -5*k. Suppose s*i + 142 = 2*h, -3*h + 3*i = 2*h - 357. Calculate the greatest common factor of 8 and h.
8
Let n be (4 + 1)*(35 + (-91)/(-7)). What is the greatest common factor of 90 and n?
30
Let m = -25 + 53. Let t(p) = -p**2 + 4*p + 19. Let b be t(7). Let n be 3/b*(-16)/36*21. Calculate the highest common divisor of n and m.
14
Let n = 2 + 2. Let x be (0/(-1))/n - -2. Let g be (-1)/(1*x/(-10)). What is the greatest common divisor of 1 and g?
1
Let n(t) = 464*t**2 + 17*t - 17. Let l be n(1). Calculate the greatest common divisor of 58 and l.
58
Let t = 74 - 72. Suppose -t*o = -5*o + 2*g + 88, 5*o = -4*g + 110. What is the greatest common divisor of o and 182?
26
Let m = -12 - -40. Suppose 28*t = 23*t + 35. Calculate the greatest common divisor of t and m.
7
Let u(m) = -2*m**3 - 21*m**2 - 11*m + 38. Let o be u(-10). Calculate the highest common divisor of 32 and o.
16
Suppose -4*o = 3*o - 35. Suppose o*k - 2 = 3*g, -16 = -3*k - k. What is the highest common factor of g and 30?
6
Suppose -2*t + 136 = 2*t. Let k(u) = -t - 3*u - 2*u**2 + 18 - 6*u**3 + 14. Let o be k(-2). Calculate the greatest common divisor of o and 4.
4
Let x(j) = -4*j**2 - 10*j + 6. Let k(w) = -4*w**2 - 8*w + 5. Let q(t) = -3*k(t) + 2*x(t). Let d be q(1). What is the greatest common factor of 2 and d?
1
Suppose -18*i + 889 + 119 = 0. Let n be 4/10 - (-36)/10. Suppose 2*q = 2*l - 34, -n*q = 4*l - 0*q - 44. Calculate the highest common factor of i and l.
14
Let o(u) be the third derivative of u**4/6 + 8*u**3 - 27*u**2. Let n be o(-9). What is the highest common factor of n and 48?
12
Suppose 391 = 3*q - 113. Let u = -88 + q. Calculate the highest common divisor of u and 32.
16
Let h = 165 - 99. What is the highest common divisor of h and 44?
22
Let l(s) = -8 - 21*s + 2 - 21*s**2 - 10 + 0 + s**3. Let b be l(22). Calculate the greatest common divisor of 9 and b.
3
Suppose 0 = 2*m + 816 - 2210. What is the greatest common divisor of 17 and m?
17
Let r be 906/14 + (-8)/(-28). Calculate the highest common factor of 52 and r.
13
Let c(w) = 3*w + 2*w + 20 - 3*w. Let h be c(4). Calculate the highest common divisor of h and 4.
4
Let j = -4081 - -4092. Let h(c) = 11*c**2. Let l be h(2). What is the highest common factor of l and j?
11
Suppose 438*d - 461*d + 345 = 0. Calculate the greatest common factor of d and 375.
15
Let g(c) = 6*c + 14. Let f be g(-2). Suppose -2*i = f*i - 3*o - 891, -o = 3*i - 665. Calculate the highest common divisor of i and 37.
37
Suppose -10 = -5*i - 2*t, 0*i - 3*t = -3*i + 6. Suppose -w + 39 = i*w. What is the highest common factor of 65 and w?
13
Let m(d) = 29*d**2 + 61*d - 8. Let s be m(-6). What is the greatest common factor of 20 and s?
10
Let k(l) = l**2 + 19*l - 49. Let s be k(3). Calculate the greatest common factor of s and 153.
17
Let o(f) = -148*f - 14. Let i be o(-4). What is the highest common divisor of i and 34?
34
Let p(a) = -4*a**3 + a + 8*a - 17*a**2 + 5*a**3 + 14 + 8*a. Let x be p(16). Let d be 228/15 + (-1)/5. What is the highest common divisor of x and d?
15
Let z be 345/27 - (-4)/18. Let r be (21/9 + -3)*-6. Let b be 2196/21 + r/(-7). Calculate the highest common divisor of b and z.
13
Let v(n) = 15*n - 67. Let h be v(11). Calculate the greatest common divisor of h and 28.
14
Let u(o) = o**3 + 6*o**2 + o + 4. Let i be u(-6). Let c be 3/((-21)/(-9) + i). Let b be 1/3 + 87/c. Calculate the highest common divisor of 90 and b.
10
Let g = -3 + 66. What is the greatest common factor of 42 and g?
21
Suppose -5*v + 10 = -5*k + 3*k, -k - v = -2. Suppose k*w = 13*w - 390. What is the greatest common divisor of w and 10?
10
Let k = 1296 + -1292. Let u(q) = -2*q - 6. Let z be u(-7). What is the greatest common divisor of k and z?
4
Let f be (-67)/(670/(-14400))*(3 + -1). Calculate the greatest common factor of f and 16.
16
Let a be (5 - -1)/2 + 3. Let r = 59 + -35. Suppose 2*w = 6*w - r. What is the greatest common factor of w and a?
6
Let l(j) = 2*j**2 - 2*j - 2. Let p be l(4). Suppose g - p = -g. Let t be (-132)/(-8)*(-8)/(-12). Calculate the highest common factor of t and g.
11
Suppose -7 + 43 = -4*v. Let l be 22*v/(27/(-6)). Calculate the greatest common factor of 44 and l.
44
Let p = -24 + 22. Let n be p/(-9) - (-1432)/36. What is the highest common factor of 160 and n?
